{"id":60,"date":"2015-06-03T19:20:47","date_gmt":"2015-06-03T17:20:47","guid":{"rendered":"http:\/\/medienverein.org\/stadtrundgang\/?page_id=60"},"modified":"2021-07-28T11:11:04","modified_gmt":"2021-07-28T09:11:04","slug":"st-sixtus-kirche","status":"publish","type":"page","link":"https:\/\/medienverein.org\/stadtrundgang\/st-sixtus-kirche\/","title":{"rendered":"13. St. Sixtus-Kirche"},"content":{"rendered":"\n<div class=\"wp-block-image\"><figure class=\"aligncenter is-resized\"><a href=\"http:\/\/medienverein.org\/stadtrundgang\/wp-content\/uploads\/2015\/06\/Bild11.jpg\"><img loading=\"lazy\" decoding=\"async\" src=\"http:\/\/medienverein.org\/stadtrundgang\/wp-content\/uploads\/2015\/06\/Bild11-300x223.jpg\" alt=\"Bild11\" class=\"wp-image-144\" width=\"624\" height=\"464\" srcset=\"https:\/\/medienverein.org\/stadtrundgang\/wp-content\/uploads\/2015\/06\/Bild11-300x223.jpg 300w, https:\/\/medienverein.org\/stadtrundgang\/wp-content\/uploads\/2015\/06\/Bild11-1024x760.jpg 1024w, https:\/\/medienverein.org\/stadtrundgang\/wp-content\/uploads\/2015\/06\/Bild11.jpg 1507w\" sizes=\"auto, (max-width: 624px) 100vw, 624px\" \/><\/a><\/figure><\/div>\n\n\n\n<figure class=\"wp-block-audio\"><audio controls src=\"http:\/\/medienverein.org\/stadtrundgang\/wp-content\/uploads\/2015\/06\/PODCAST.St_.Sixtus.Kirche.mp3\"><\/audio><\/figure>\n\n\n\n<p class=\"has-text-align-center\"><span style=\"color: #000000;\"><span style=\"font-size: medium;\"><span style=\"font-family: Georgia,serif;\"><span style=\"font-size: large;\">Die Entstehung und Entwicklung der Stadt Haltern ist untrennbar mit der St. Sixtus-Kirche verbunden, deren Geschichte weit bis in das erste Jahrtausend zur\u00fcckreicht. Wie Grabungen aus dem Jahre 1985\/86 im Bereich der heutigen Sakristei zeigen, wurde bereits um 800 eine Kirche aus Holz und Fachwerk hier errichtet. Die Sixtus-Kirche gilt allgemein als eine der Urpfarreien des M\u00fcnsterlandes, auch wenn sie keine Gr\u00fcndung des hl. Liudger, des ersten Bischofs von M\u00fcnster ist, sondern als fr\u00e4nkische K\u00f6nigshofkapelle entstand, die zusammen mit dem dazugeh\u00f6rigen Haupthof im 9. Jahrhundert an den Bischof von M\u00fcnster gekommen ist.<\/span><\/span><\/span><\/span><\/p>\n\n\n\n<p class=\"has-text-align-center\"><span style=\"color: #000000;\"><span style=\"font-size: medium;\"><span style=\"font-family: Georgia,serif;\"><span style=\"font-size: large;\">Halterns Lage an der Lippe und der Schnittpunkt zweier Fernstra\u00dfen waren mit daf\u00fcr verantwortlich, dass sich um die Kirche schnell das Dorf Haltern bildete. Hinzu kam die Grenzlage im Bistum M\u00fcnster, die bereits 1289 zur Verleihung der Stadtrechte und der Befestigung des Ortes f\u00fchrte.<\/span><\/span><\/span><\/span><\/p>\n\n\n\n<p class=\"has-text-align-center\"><span style=\"color: #000000;\"><span style=\"font-size: medium;\"><span style=\"font-family: Georgia,serif;\"><span style=\"font-size: large;\">Im Laufe der Jahrhunderte wurde die Kirche mehrfach umgebaut, um den Anspr\u00fcchen der wachsenden Gemeinde Halterns gerecht zu werden. Er seit 18 76 existiert die Kirche in der heutigen Form und Gr\u00f6\u00dfe. Entgegen der Norm ist sie nicht geostet, sondern in Nord-S\u00fcd-Richtung gebaut, da eine Familie nicht zum Verkauf ihres Hauses bereit war. Auch heute noch hebt sich die qualit\u00e4tsvolle Neugotik der Kirche mit ihrem 86 Meter hohen Turm eindrucksvoll von der umgebenden Innenstadt ab.<\/span><\/span><\/span><\/span><\/p>\n\n\n\n<p class=\"has-text-align-center\"><span style=\"color: #000000;\"><span style=\"font-size: medium;\"><span style=\"font-family: Georgia,serif;\"><span style=\"font-size: large;\">Sehenswert ist auch die Innenausstattung der Kirche<\/span><\/span><b> <\/b><span style=\"font-family: Georgia,serif;\"><span style=\"font-size: large;\">mit dem flandrischen Hochaltar und dem Gabelkruzifix von 1340, das seit Jahrhunderten als wundert\u00e4tiges Kreuz von Haltern verehrt wird.<\/span><\/span><b> <\/b><span style=\"font-family: Georgia,serif;\"><span style=\"font-size: large;\">Auch heute noch ehrt die Gemeinde das Kreuz mit einer j\u00e4hrlichen Prozession durch Stadt und Feldmark am Fest der Kreuzerh\u00f6hung, am Sonntag nach dem 14. September.<\/span><\/span><\/span><\/span><\/p>\n\n\n\n<p class=\"has-text-align-center\"><a name=\"_GoBack\"><\/a><span style=\"color: #000000;\"><span style=\"font-size: medium;\"><b><\/b><span style=\"font-family: Georgia,serif;\"><span style=\"font-size: large;\">Zur 275. Kreuztracht und Kreuzerh\u00f6hung am 18. September 2011 wurden alle neun Halterner Kirchengemeinden im Rahmen eines festlichen Gottesdienstes auf dem Marktplatz zur Pfarrei St. Sixtus fusioniert. Die Sixtus-Kirche ist nun Pfarrkirche der mit 24.000 Katholiken zweitgr\u00f6\u00dften Gemeinde im Bistum M\u00fcnster.<\/span><\/span><\/span><\/span><\/p>\n\n\n\n<p class=\"has-text-align-center\"><strong><span style=\"color: #000000;\"><span style=\"font-size: medium;\"><span style=\"font-family: Georgia,serif;\"><span style=\"font-size: large;\">Dieses Podcast wurde von Julian Korte, Benjamin Habicht und Merlin Santowski im Grundkurs Geschichte der Jahrgangsstufe 12 des Joseph-K\u00f6nig-Gymnasium Haltern am See im Schuljahr 2014\/15 verfasst.<\/span><\/span><\/span><\/span><\/strong><\/p>\n\n\n\n<p>N\u00e4chster Punkt:<br><iframe loading=\"lazy\" style=\"border: 0;\" src=\"https:\/\/www.google.com\/maps\/embed?pb=!1m18!1m12!1m3!1d632.5359427262852!2d7.186437876609488!3d51.74314585023466!2m3!1f0!2f0!3f0!3m2!1i1024!2i768!4f13.1!3m3!1m2!1s0x0%3A0x0!2zNTHCsDQ0JzM1LjMiTiA3wrAxMScxMy4yIkU!5e1!3m2!1sde!2sus!4v1500131943528\" allowfullscreen=\"allowfullscreen\" width=\"600\" height=\"450\" frameborder=\"0\"><\/iframe><\/p>\n","protected":false},"excerpt":{"rendered":"<p>Die Entstehung und Entwicklung der Stadt Haltern ist untrennbar mit der St. Sixtus-Kirche verbunden, deren Geschichte weit bis in das erste Jahrtausend zur\u00fcckreicht. Wie Grabungen aus dem Jahre 1985\/86 im Bereich der heutigen Sakristei zeigen, wurde bereits um 800 eine Kirche aus Holz und Fachwerk hier errichtet. Die Sixtus-Kirche gilt allgemein als eine der Urpfarreien &hellip; <a href=\"https:\/\/medienverein.org\/stadtrundgang\/st-sixtus-kirche\/\" class=\"more-link\"><span class=\"screen-reader-text\">13. St. Sixtus-Kirche<\/span> weiterlesen<\/a><\/p>\n","protected":false},"author":2,"featured_media":0,"parent":0,"menu_order":13,"comment_status":"open","ping_status":"closed","template":"","meta":{"footnotes":""},"class_list":["post-60","page","type-page","status-publish","hentry"],"_links":{"self":[{"href":"https:\/\/medienverein.org\/stadtrundgang\/wp-json\/wp\/v2\/pages\/60","targetHints":{"allow":["GET"]}}],"collection":[{"href":"https:\/\/medienverein.org\/stadtrundgang\/wp-json\/wp\/v2\/pages"}],"about":[{"href":"https:\/\/medienverein.org\/stadtrundgang\/wp-json\/wp\/v2\/types\/page"}],"author":[{"embeddable":true,"href":"https:\/\/medienverein.org\/stadtrundgang\/wp-json\/wp\/v2\/users\/2"}],"replies":[{"embeddable":true,"href":"https:\/\/medienverein.org\/stadtrundgang\/wp-json\/wp\/v2\/comments?post=60"}],"version-history":[{"count":6,"href":"https:\/\/medienverein.org\/stadtrundgang\/wp-json\/wp\/v2\/pages\/60\/revisions"}],"predecessor-version":[{"id":320,"href":"https:\/\/medienverein.org\/stadtrundgang\/wp-json\/wp\/v2\/pages\/60\/revisions\/320"}],"wp:attachment":[{"href":"https:\/\/medienverein.org\/stadtrundgang\/wp-json\/wp\/v2\/media?parent=60"}],"curies":[{"name":"wp","href":"https:\/\/api.w.org\/{rel}","templated":true}]}}