{"id":54,"date":"2015-06-03T19:15:31","date_gmt":"2015-06-03T17:15:31","guid":{"rendered":"http:\/\/medienverein.org\/stadtrundgang\/?page_id=54"},"modified":"2021-07-28T11:10:39","modified_gmt":"2021-07-28T09:10:39","slug":"staedtische-musikschule","status":"publish","type":"page","link":"https:\/\/medienverein.org\/stadtrundgang\/staedtische-musikschule\/","title":{"rendered":"10. St\u00e4dtische Musikschule"},"content":{"rendered":"\n<div class=\"wp-block-image\"><figure class=\"aligncenter is-resized\"><a href=\"http:\/\/medienverein.org\/stadtrundgang\/wp-content\/uploads\/2015\/06\/Bild8.jpg\"><img loading=\"lazy\" decoding=\"async\" src=\"http:\/\/medienverein.org\/stadtrundgang\/wp-content\/uploads\/2015\/06\/Bild8-300x199.jpg\" alt=\"Bild8\" class=\"wp-image-138\" width=\"600\" height=\"398\" srcset=\"https:\/\/medienverein.org\/stadtrundgang\/wp-content\/uploads\/2015\/06\/Bild8-300x199.jpg 300w, https:\/\/medienverein.org\/stadtrundgang\/wp-content\/uploads\/2015\/06\/Bild8-1024x678.jpg 1024w, https:\/\/medienverein.org\/stadtrundgang\/wp-content\/uploads\/2015\/06\/Bild8.jpg 1410w\" sizes=\"auto, (max-width: 600px) 100vw, 600px\" \/><\/a><\/figure><\/div>\n\n\n\n<figure class=\"wp-block-audio\"><audio controls src=\"http:\/\/medienverein.org\/stadtrundgang\/wp-content\/uploads\/2015\/06\/PODCAST.Musikschule.mp3\"><\/audio><\/figure>\n\n\n\n<p class=\"has-text-align-center\"><span style=\"font-family: Georgia,serif;\"><span style=\"font-size: large;\">Victor Hugo, ein franz\u00f6sischer Schriftsteller, sagte einst \u00fcber Musik: \u201eDie Musik dr\u00fcckt aus, was nicht gesagt werden kann und wor\u00fcber zu schweigen unm\u00f6glich ist!\u201c<\/span><\/span><\/p>\n\n\n\n<p class=\"has-text-align-center\"><span style=\"font-family: Georgia,serif;\"><span style=\"font-size: large;\">Musik hat einen hohen gesellschaftlichen und kulturellen Stellenwert. Sie verbindet Menschen verschiedenster Herkunft und Alters. Musikschulen sind Orte, wo Menschen sich treffen, um gemeinsam Musik zu erleben und diese zu erlernen.<\/span><\/span><\/p>\n\n\n\n<p class=\"has-text-align-center\"><span style=\"font-family: Georgia,serif;\"><span style=\"font-size: large;\">In Haltern hat sich der Kulturausschu\u00df zum ersten Mal im Dezember 1967 mit der Einrichtung einer Musikschule befa\u00dft. Erst sechs Jahre sp\u00e4ter gab es eine Mehrheit f\u00fcr die Gr\u00fcndung der st\u00e4dt. Musikschule.<\/span><\/span><\/p>\n\n\n\n<p class=\"has-text-align-center\"><span style=\"font-family: Georgia,serif;\"><span style=\"font-size: large;\">Im April 1974 fand die feierliche Er\u00f6ffnung der Musikschule statt, 192 Sch\u00fcler hatten ihren ersten Unterrichtstag.<\/span><\/span><\/p>\n\n\n\n<p class=\"has-text-align-center\"><span style=\"font-family: Georgia,serif;\"><span style=\"font-size: large;\">Im Dezember gab es die erste \u00f6ffentliche Konzertveranstaltung. Der Andrang der interessierten Besucher war so gro\u00df, da\u00df der Raum aus allen N\u00e4hten platzte.<\/span><\/span><\/p>\n\n\n\n<p class=\"has-text-align-center\"><span style=\"font-family: Georgia,serif;\"><span style=\"font-size: large;\">In den ersten Jahren der Musikschule galten die wenigen Sch\u00fcler noch als Exoten. Die Zahl der Instrumente, die erlernt werden konnten war gering und es gab keine freie Wahl.<\/span><\/span><\/p>\n\n\n\n<p class=\"has-text-align-center\"><span style=\"font-family: Georgia,serif;\"><span style=\"font-size: large;\">Das \u00e4nderte sich im Laufe der Jahre in denen die Musikschule kontinuierlich wuchs und eine immer breitere Palette von Instrumenten anbieten konnte. Heute bestehen vielfache Wahlm\u00f6glichkeiten.<\/span><\/span><\/p>\n\n\n\n<p class=\"has-text-align-center\"><span style=\"font-family: Georgia,serif;\"><span style=\"font-size: large;\">Agnes von Kopp-Colomb, langj\u00e4hrige Vorsitzende des F\u00f6rdervereins der Musikschule, sagte 1999 zum 25j\u00e4hrigen Jubil\u00e4um der Schule:<\/span><\/span><\/p>\n\n\n\n<p class=\"has-text-align-center\">\u201e<span style=\"font-family: Georgia,serif;\"><span style=\"font-size: large;\">Die Musikschule hat nicht nur einen kulturellen Stellenwert (\u2026), sondern erf\u00fcllt auch wertvolle Jugendarbeit. Musik wirkt positiv auf die gesamte Pers\u00f6nlichkeitsentwicklung des Sch\u00fclers.\u201c<\/span><\/span><\/p>\n\n\n\n<p class=\"has-text-align-center\"><span style=\"font-family: Georgia,serif;\"><span style=\"font-size: large;\">Nach wie vor \u00fcbt das Angebot der Musikschule eine gro\u00dfe Anziehungskraft aus. Trotz Ganztagsunterricht zieht es viele Jugendliche zur Musik. Man kann also davon ausgehen, da\u00df die Musikschule auch in Zukunft ein Ort zum Erleben von Musik sein wird.<\/span><\/span><\/p>\n\n\n\n<p class=\"has-text-align-center\"><span style=\"font-family: Georgia,serif;\"><span style=\"font-size: large;\">Das Geb\u00e4ude in dem die Musikschule untergebracht ist wurde 1928 als Verwaltungsgeb\u00e4ude des Amtes Haltern errichtet. Im Zuge der kommunalen Neuordnung 1975 wurde es zum st\u00e4dtischen Verwaltungsgeb\u00e4ude und Amtssitz von B\u00fcrgermeister und Stadtdirektor.<\/span><\/span><\/p>\n\n\n\n<p class=\"has-text-align-center\"><span style=\"font-family: Georgia,serif;\"><span style=\"font-size: large;\">1990 bezog die Musikschule das Haus.<\/span><\/span><\/p>\n\n\n\n<p class=\"has-text-align-center\"><strong><span style=\"font-family: Georgia,serif;\"><span style=\"font-size: large;\">Dieses Podcast wurde von Marie Rochol, Aileen Peters und Carolina Palm im Grundkurs Geschichte der Jahrgangsstufe 12 des J.-K.-Gs im Schuljahr 2014\/15 verfa\u00dft.<\/span><\/span><\/strong><\/p>\n\n\n\n<p>N\u00e4chster Punkt:<br><iframe loading=\"lazy\" style=\"border: 0;\" src=\"https:\/\/www.google.com\/maps\/embed?pb=!1m18!1m12!1m3!1d634.32653709379!2d7.187929270633311!3d51.74455385263765!2m3!1f0!2f0!3f0!3m2!1i1024!2i768!4f13.1!3m3!1m2!1s0x0%3A0x0!2zNTHCsDQ0JzQwLjQiTiA3wrAxMScxOC42IkU!5e1!3m2!1sde!2sus!4v1500131751855\" allowfullscreen=\"allowfullscreen\" width=\"600\" height=\"450\" frameborder=\"0\"><\/iframe><\/p>\n","protected":false},"excerpt":{"rendered":"<p>Victor Hugo, ein franz\u00f6sischer Schriftsteller, sagte einst \u00fcber Musik: \u201eDie Musik dr\u00fcckt aus, was nicht gesagt werden kann und wor\u00fcber zu schweigen unm\u00f6glich ist!\u201c Musik hat einen hohen gesellschaftlichen und kulturellen Stellenwert. Sie verbindet Menschen verschiedenster Herkunft und Alters. Musikschulen sind Orte, wo Menschen sich treffen, um gemeinsam Musik zu erleben und diese zu erlernen. &hellip; <a href=\"https:\/\/medienverein.org\/stadtrundgang\/staedtische-musikschule\/\" class=\"more-link\"><span class=\"screen-reader-text\">10. St\u00e4dtische Musikschule<\/span> weiterlesen<\/a><\/p>\n","protected":false},"author":2,"featured_media":0,"parent":0,"menu_order":10,"comment_status":"open","ping_status":"closed","template":"","meta":{"footnotes":""},"class_list":["post-54","page","type-page","status-publish","hentry"],"_links":{"self":[{"href":"https:\/\/medienverein.org\/stadtrundgang\/wp-json\/wp\/v2\/pages\/54","targetHints":{"allow":["GET"]}}],"collection":[{"href":"https:\/\/medienverein.org\/stadtrundgang\/wp-json\/wp\/v2\/pages"}],"about":[{"href":"https:\/\/medienverein.org\/stadtrundgang\/wp-json\/wp\/v2\/types\/page"}],"author":[{"embeddable":true,"href":"https:\/\/medienverein.org\/stadtrundgang\/wp-json\/wp\/v2\/users\/2"}],"replies":[{"embeddable":true,"href":"https:\/\/medienverein.org\/stadtrundgang\/wp-json\/wp\/v2\/comments?post=54"}],"version-history":[{"count":6,"href":"https:\/\/medienverein.org\/stadtrundgang\/wp-json\/wp\/v2\/pages\/54\/revisions"}],"predecessor-version":[{"id":317,"href":"https:\/\/medienverein.org\/stadtrundgang\/wp-json\/wp\/v2\/pages\/54\/revisions\/317"}],"wp:attachment":[{"href":"https:\/\/medienverein.org\/stadtrundgang\/wp-json\/wp\/v2\/media?parent=54"}],"curies":[{"name":"wp","href":"https:\/\/api.w.org\/{rel}","templated":true}]}}

10. Städtische Musikschule

<div class="wp-block-image"><figure class="aligncenter is-resized"><a href="http://medienverein.org/stadtrundgang/wp-content/uploads/2015/06/Bild8.jpg"><img loading="lazy" decoding="async" src="http://medienverein.org/stadtrundgang/wp-content/uploads/2015/06/Bild8-300x199.jpg" alt="Bild8" class="wp-image-138" width="600" height="398" srcset="https://medienverein.org/stadtrundgang/wp-content/uploads/2015/06/Bild8-300x199.jpg 300w, https://medienverein.org/stadtrundgang/wp-content/uploads/2015/06/Bild8-1024x678.jpg 1024w, https://medienverein.org/stadtrundgang/wp-content/uploads/2015/06/Bild8.jpg 1410w" sizes="auto, (max-width: 600px) 100vw, 600px" /></a></figure></div>



<figure class="wp-block-audio"><audio controls src="http://medienverein.org/stadtrundgang/wp-content/uploads/2015/06/PODCAST.Musikschule.mp3"></audio></figure>



<p class="has-text-align-center"><span style="font-family: Georgia,serif;"><span style="font-size: large;">Victor Hugo, ein französischer Schriftsteller, sagte einst über Musik: „Die Musik drückt aus, was nicht gesagt werden kann und worüber zu schweigen unmöglich ist!“</span></span></p>



<p class="has-text-align-center"><span style="font-family: Georgia,serif;"><span style="font-size: large;">Musik hat einen hohen gesellschaftlichen und kulturellen Stellenwert. Sie verbindet Menschen verschiedenster Herkunft und Alters. Musikschulen sind Orte, wo Menschen sich treffen, um gemeinsam Musik zu erleben und diese zu erlernen.</span></span></p>



<p class="has-text-align-center"><span style="font-family: Georgia,serif;"><span style="font-size: large;">In Haltern hat sich der Kulturausschuß zum ersten Mal im Dezember 1967 mit der Einrichtung einer Musikschule befaßt. Erst sechs Jahre später gab es eine Mehrheit für die Gründung der städt. Musikschule.</span></span></p>



<p class="has-text-align-center"><span style="font-family: Georgia,serif;"><span style="font-size: large;">Im April 1974 fand die feierliche Eröffnung der Musikschule statt, 192 Schüler hatten ihren ersten Unterrichtstag.</span></span></p>



<p class="has-text-align-center"><span style="font-family: Georgia,serif;"><span style="font-size: large;">Im Dezember gab es die erste öffentliche Konzertveranstaltung. Der Andrang der interessierten Besucher war so groß, daß der Raum aus allen Nähten platzte.</span></span></p>



<p class="has-text-align-center"><span style="font-family: Georgia,serif;"><span style="font-size: large;">In den ersten Jahren der Musikschule galten die wenigen Schüler noch als Exoten. Die Zahl der Instrumente, die erlernt werden konnten war gering und es gab keine freie Wahl.</span></span></p>



<p class="has-text-align-center"><span style="font-family: Georgia,serif;"><span style="font-size: large;">Das änderte sich im Laufe der Jahre in denen die Musikschule kontinuierlich wuchs und eine immer breitere Palette von Instrumenten anbieten konnte. Heute bestehen vielfache Wahlmöglichkeiten.</span></span></p>



<p class="has-text-align-center"><span style="font-family: Georgia,serif;"><span style="font-size: large;">Agnes von Kopp-Colomb, langjährige Vorsitzende des Fördervereins der Musikschule, sagte 1999 zum 25jährigen Jubiläum der Schule:</span></span></p>



<p class="has-text-align-center">„<span style="font-family: Georgia,serif;"><span style="font-size: large;">Die Musikschule hat nicht nur einen kulturellen Stellenwert (…), sondern erfüllt auch wertvolle Jugendarbeit. Musik wirkt positiv auf die gesamte Persönlichkeitsentwicklung des Schülers.“</span></span></p>



<p class="has-text-align-center"><span style="font-family: Georgia,serif;"><span style="font-size: large;">Nach wie vor übt das Angebot der Musikschule eine große Anziehungskraft aus. Trotz Ganztagsunterricht zieht es viele Jugendliche zur Musik. Man kann also davon ausgehen, daß die Musikschule auch in Zukunft ein Ort zum Erleben von Musik sein wird.</span></span></p>



<p class="has-text-align-center"><span style="font-family: Georgia,serif;"><span style="font-size: large;">Das Gebäude in dem die Musikschule untergebracht ist wurde 1928 als Verwaltungsgebäude des Amtes Haltern errichtet. Im Zuge der kommunalen Neuordnung 1975 wurde es zum städtischen Verwaltungsgebäude und Amtssitz von Bürgermeister und Stadtdirektor.</span></span></p>



<p class="has-text-align-center"><span style="font-family: Georgia,serif;"><span style="font-size: large;">1990 bezog die Musikschule das Haus.</span></span></p>



<p class="has-text-align-center"><strong><span style="font-family: Georgia,serif;"><span style="font-size: large;">Dieses Podcast wurde von Marie Rochol, Aileen Peters und Carolina Palm im Grundkurs Geschichte der Jahrgangsstufe 12 des J.-K.-Gs im Schuljahr 2014/15 verfaßt.</span></span></strong></p>



<p>Nächster Punkt:<br><iframe loading="lazy" style="border: 0;" src="https://www.google.com/maps/embed?pb=!1m18!1m12!1m3!1d634.32653709379!2d7.187929270633311!3d51.74455385263765!2m3!1f0!2f0!3f0!3m2!1i1024!2i768!4f13.1!3m3!1m2!1s0x0%3A0x0!2zNTHCsDQ0JzQwLjQiTiA3wrAxMScxOC42IkU!5e1!3m2!1sde!2sus!4v1500131751855" allowfullscreen="allowfullscreen" width="600" height="450" frameborder="0"></iframe></p>

<p>Victor Hugo, ein französischer Schriftsteller, sagte einst über Musik: „Die Musik drückt aus, was nicht gesagt werden kann und worüber zu schweigen unmöglich ist!“ Musik hat einen hohen gesellschaftlichen und kulturellen Stellenwert. Sie verbindet Menschen verschiedenster Herkunft und Alters. Musikschulen sind Orte, wo Menschen sich treffen, um gemeinsam Musik zu erleben und diese zu erlernen. &hellip; <a href="https://medienverein.org/stadtrundgang/staedtische-musikschule/" class="more-link"><span class="screen-reader-text">10. Städtische Musikschule</span> weiterlesen</a></p>
