{"id":51,"date":"2015-06-03T19:14:07","date_gmt":"2015-06-03T17:14:07","guid":{"rendered":"http:\/\/medienverein.org\/stadtrundgang\/?page_id=51"},"modified":"2021-07-28T11:10:30","modified_gmt":"2021-07-28T09:10:30","slug":"kardinal-von-galen-park","status":"publish","type":"page","link":"https:\/\/medienverein.org\/stadtrundgang\/kardinal-von-galen-park\/","title":{"rendered":"9.2 Kardinal von Galen Park"},"content":{"rendered":"\n<center><a href=\"http:\/\/medienverein.org\/stadtrundgang\/wp-content\/uploads\/2015\/06\/Bild3.jpg\"><img loading=\"lazy\" decoding=\"async\" class=\"alignnone size-medium wp-image-128\" src=\"http:\/\/medienverein.org\/stadtrundgang\/wp-content\/uploads\/2015\/06\/Bild3-300x211.jpg\" alt=\"Bild3\" width=\"300\" height=\"211\" srcset=\"https:\/\/medienverein.org\/stadtrundgang\/wp-content\/uploads\/2015\/06\/Bild3-300x211.jpg 300w, https:\/\/medienverein.org\/stadtrundgang\/wp-content\/uploads\/2015\/06\/Bild3-1024x721.jpg 1024w, https:\/\/medienverein.org\/stadtrundgang\/wp-content\/uploads\/2015\/06\/Bild3.jpg 1320w\" sizes=\"auto, (max-width: 300px) 100vw, 300px\" \/><\/a><\/center>\n\n\n\n<figure class=\"wp-block-audio\"><audio controls src=\"http:\/\/medienverein.org\/stadtrundgang\/wp-content\/uploads\/2015\/06\/PODCAST.Kardinal-von-Galen-Platz.mp3\"><\/audio><\/figure>\n\n\n\n<p class=\"has-text-align-center\"><span style=\"font-family: Georgia,serif;\"><span style=\"font-size: large;\">Der Kardinal von Galen Park liegt mitten in Haltern, nahe der Innenstadt. Direkt neben dem Park befindet sich das neue Rathaus mit der Polizeiwache. Er dient vor allem als Veranstaltungs- und Erholungsfl\u00e4che. Au\u00dferdem stehen dort zwei, in Haltern sehr bekannte, Statuen: Zum einen die Varus-Statue, die an den r\u00f6mischen Feldherrn Publius Quinctilius Varus erinnert, der mit seinen Truppen im Jahre 9 n.Chr eine Niederlage gegen die Germanen erlitt. Und zum anderen die deutlich \u00e4ltere Statue von Kardinal von Galen, die am 5. Oktober 1989 als Geschenk der Gelsenwasser AG an die Stadt Haltern zu ihrem 700. Stadtjubil\u00e4um eingeweiht wurde.<\/span><\/span><\/p>\n\n\n\n<p class=\"has-text-align-center\"><span style=\"font-family: Georgia,serif;\"><span style=\"font-size: large;\">Allerdings hie\u00df der von Galen Park nicht immer so. Bei den Kommunalwahlen am 12. M\u00e4rz 1933 errang die Nationalistische Deutsche Arbeiterpartei die absolute Mehrheit in Haltern. In einer Verordnung des Reichsministers Wilhelm Frick, hei\u00dft es: \u201e<\/span><\/span><span style=\"font-family: Georgia,serif;\"><span style=\"font-size: large;\"><b>Die Benennung von Stra\u00dfen, Pl\u00e4tzen und Br\u00fccken bedarf der Zustimmung der Beauftragten der NSDAP<\/b><\/span><\/span><span style=\"font-family: Georgia,serif;\"><span style=\"font-size: large;\">.\u201c Auf Initiative der NSDAP wurde der Name des ehemaligen R\u00f6merplatzes in \u201eAdolf Hitler Platz\u201c ge\u00e4ndert. Erst mit Ende des Zweiten Weltkrieges erhielt der Park seinen heutigen Namen.<\/span><\/span><\/p>\n\n\n\n<p class=\"has-text-align-center\"><span style=\"font-family: Georgia,serif;\"><span style=\"font-size: large;\">Clemens August Graf von Galen wurde am 16. M\u00e4rz 1878 in Oldenburg als elftes von insgesamt 13 Kindern geboren. Er machte sein Abitur und studierte zuerst Philosophie und sp\u00e4ter Theologie. 1904 wurde er in M\u00fcnster zum Priester geweiht und arbeitete 2 Jahre sp\u00e4ter als Kaplan in Berlin. Nachdem er nach M\u00fcnster versetzt wurde, hat man ihn 1933 zum Bischof von M\u00fcnster geweiht. Somit lag seine Amtszeit in der Zeit des Nationalsozialismus.<\/span><\/span><\/p>\n\n\n\n<p class=\"has-text-align-center\"><span style=\"font-family: Georgia,serif;\"><span style=\"font-size: large;\">In seinen \u00f6ffentlichen Reden scheute er sich nicht, seine Meinung gegen\u00fcber den Nationalsozialisten auszudr\u00fccken. Beispielsweise bezeichnete<\/span><\/span><\/p>\n\n\n\n<p>N\u00e4chster Punkt:<br><iframe loading=\"lazy\" style=\"border: 0;\" src=\"https:\/\/www.google.com\/maps\/embed?pb=!1m18!1m12!1m3!1d638.0540866097805!2d7.182346184176151!3d51.74292875764023!2m3!1f0!2f0!3f0!3m2!1i1024!2i768!4f13.1!3m3!1m2!1s0x47b8f93946ec7d59%3A0x1c6c8f0b91de256a!2sSt%C3%A4dtische+Musikschule+Haltern+am+See!5e1!3m2!1sde!2sus!4v1500131644359\" allowfullscreen=\"allowfullscreen\" width=\"600\" height=\"450\" frameborder=\"0\"><\/iframe><\/p>\n","protected":false},"excerpt":{"rendered":"<p>Der Kardinal von Galen Park liegt mitten in Haltern, nahe der Innenstadt. Direkt neben dem Park befindet sich das neue Rathaus mit der Polizeiwache. Er dient vor allem als Veranstaltungs- und Erholungsfl\u00e4che. Au\u00dferdem stehen dort zwei, in Haltern sehr bekannte, Statuen: Zum einen die Varus-Statue, die an den r\u00f6mischen Feldherrn Publius Quinctilius Varus erinnert, der &hellip; <a href=\"https:\/\/medienverein.org\/stadtrundgang\/kardinal-von-galen-park\/\" class=\"more-link\"><span class=\"screen-reader-text\">9.2 Kardinal von Galen Park<\/span> weiterlesen<\/a><\/p>\n","protected":false},"author":2,"featured_media":0,"parent":0,"menu_order":9,"comment_status":"open","ping_status":"closed","template":"","meta":{"footnotes":""},"class_list":["post-51","page","type-page","status-publish","hentry"],"_links":{"self":[{"href":"https:\/\/medienverein.org\/stadtrundgang\/wp-json\/wp\/v2\/pages\/51","targetHints":{"allow":["GET"]}}],"collection":[{"href":"https:\/\/medienverein.org\/stadtrundgang\/wp-json\/wp\/v2\/pages"}],"about":[{"href":"https:\/\/medienverein.org\/stadtrundgang\/wp-json\/wp\/v2\/types\/page"}],"author":[{"embeddable":true,"href":"https:\/\/medienverein.org\/stadtrundgang\/wp-json\/wp\/v2\/users\/2"}],"replies":[{"embeddable":true,"href":"https:\/\/medienverein.org\/stadtrundgang\/wp-json\/wp\/v2\/comments?post=51"}],"version-history":[{"count":9,"href":"https:\/\/medienverein.org\/stadtrundgang\/wp-json\/wp\/v2\/pages\/51\/revisions"}],"predecessor-version":[{"id":316,"href":"https:\/\/medienverein.org\/stadtrundgang\/wp-json\/wp\/v2\/pages\/51\/revisions\/316"}],"wp:attachment":[{"href":"https:\/\/medienverein.org\/stadtrundgang\/wp-json\/wp\/v2\/media?parent=51"}],"curies":[{"name":"wp","href":"https:\/\/api.w.org\/{rel}","templated":true}]}}