{"id":288,"date":"2021-07-28T11:13:17","date_gmt":"2021-07-28T09:13:17","guid":{"rendered":"https:\/\/medienverein.org\/stadtrundgang\/?page_id=288"},"modified":"2021-07-28T11:25:28","modified_gmt":"2021-07-28T09:25:28","slug":"familie-meyer","status":"publish","type":"page","link":"https:\/\/medienverein.org\/stadtrundgang\/familie-meyer\/","title":{"rendered":"21. Familie Meyer"},"content":{"rendered":"\n<figure class=\"wp-block-audio aligncenter\"><audio controls src=\"https:\/\/medienverein.org\/stadtrundgang\/wp-content\/uploads\/2021\/07\/Familie-Meyer.m4a\"><\/audio><\/figure>\n\n\n\n<p class=\"has-text-align-center\">Sigmund Meyer wurde 1865 in Haltern geboren. Er heiratete Rosalie Hertz, die 1874 geboren wurde und lebte mit ihr an der Recklingh\u00e4user Stra\u00dfe 33.<\/p>\n\n\n\n<p class=\"has-text-align-center\">Am 10.01.1938 verstarb Sigmund eines nat\u00fcrlichen Todes. Seine Bestattung ist nachweislich die letzte des j\u00fcdischen Friedhof Halterns.<\/p>\n\n\n\n<p class=\"has-text-align-center\">Kurz nach Sigmunds Bestattung zeigten sich die Auswirkungen des Nationalsozialismus am Friedhof: Am 09. und 10. November wurde die Ruhest\u00e4tte stark gesch\u00e4ndet. Eine Horde an Nationalsozialisten zerschlug die Grabsteine, machte die Inschriften unleserlich und sorgte f\u00fcr eine Entehrung der Juden.<\/p>\n\n\n\n<p class=\"has-text-align-center\">Rosalie, Sigmunds Frau, erbte durch den Tod ihres Mannes das Haus an der Recklingh\u00e4user Stra\u00dfe 33. Das Erbe wurde ihr jedoch streitig gemacht, weshalb sie am 30.09.1938 nach Coesfeld zog. Es fand eine Enteignung des Hauses statt, die letztendlich zum Verkauf f\u00fchrte.<\/p>\n\n\n\n<p class=\"has-text-align-center\">1940 beauftragte der B\u00fcrgermeister Halterns Rosalie dazu, geflohene Juden anzuschreiben um sie von einer Umbettung zu \u00fcberzeugen. Rosalie unternahm einen Fluchtversuch aus Haltern, wurde allerdings nach kurzer Zeit festgenommen. Vor ihrer Deportation wurde sie nochmal zum B\u00fcrgermeister Halterns zitiert, um ihm die Adressen j\u00fcdischer Mitb\u00fcrger mitzuteilen.<\/p>\n\n\n\n<p class=\"has-text-align-center\">Schlie\u00dflich wurde Rosalie Meyer von Coesfeld nach L\u00fcdinghausen deportiert und von dort verschleppt. Ihre letzte Station war das KZ Auschwitz, in welchem sie ermordet wurde.<\/p>\n\n\n\n<p><\/p>\n\n\n\n<p>Quellen:<\/p>\n\n\n\n<ul class=\"wp-block-list\"><li>Der Text (auf dem die Infos basieren) wurde von Friederike Himmelmann, Linda Santowski und Dorit Bonk im Grundkurs Geschichte der Jahrgangsstufe 12 des Joseph-K\u00f6nig-Gymnasium Haltern am See im Schuljahr 2014\/15 verfasst.<\/li><li><a href=\"https:\/\/erlebe-haltern.de\/juedischer-friedhof\/\">https:\/\/erlebe-haltern.de\/juedischer-friedhof\/<\/a><\/li><li>\u201cErinnern &amp; Gedenken gegen Vergessen &amp; Verdr\u00e4ngen\u201d &#8211; von Dieter St\u00fcber (zweite Auflage, Haltern 2017)<\/li><li>\u201cDie Geschichte der Juden in Haltern\u201d &#8211; ein Projekt der Klassen 12 der H\u00f6heren Handelsschulen an der Hans-B\u00f6ckler-Kollegschule Haltern in Zusammenarbeit mit der Stadt Haltern<\/li><\/ul>\n","protected":false},"excerpt":{"rendered":"<p>Sigmund Meyer wurde 1865 in Haltern geboren. Er heiratete Rosalie Hertz, die 1874 geboren wurde und lebte mit ihr an der Recklingh\u00e4user Stra\u00dfe 33. Am 10.01.1938 verstarb Sigmund eines nat\u00fcrlichen Todes. Seine Bestattung ist nachweislich die letzte des j\u00fcdischen Friedhof Halterns. Kurz nach Sigmunds Bestattung zeigten sich die Auswirkungen des Nationalsozialismus am Friedhof: Am 09. &hellip; <a href=\"https:\/\/medienverein.org\/stadtrundgang\/familie-meyer\/\" class=\"more-link\"><span class=\"screen-reader-text\">21. Familie Meyer<\/span> weiterlesen<\/a><\/p>\n","protected":false},"author":2,"featured_media":0,"parent":0,"menu_order":21,"comment_status":"closed","ping_status":"closed","template":"","meta":{"footnotes":""},"class_list":["post-288","page","type-page","status-publish","hentry"],"_links":{"self":[{"href":"https:\/\/medienverein.org\/stadtrundgang\/wp-json\/wp\/v2\/pages\/288","targetHints":{"allow":["GET"]}}],"collection":[{"href":"https:\/\/medienverein.org\/stadtrundgang\/wp-json\/wp\/v2\/pages"}],"about":[{"href":"https:\/\/medienverein.org\/stadtrundgang\/wp-json\/wp\/v2\/types\/page"}],"author":[{"embeddable":true,"href":"https:\/\/medienverein.org\/stadtrundgang\/wp-json\/wp\/v2\/users\/2"}],"replies":[{"embeddable":true,"href":"https:\/\/medienverein.org\/stadtrundgang\/wp-json\/wp\/v2\/comments?post=288"}],"version-history":[{"count":3,"href":"https:\/\/medienverein.org\/stadtrundgang\/wp-json\/wp\/v2\/pages\/288\/revisions"}],"predecessor-version":[{"id":334,"href":"https:\/\/medienverein.org\/stadtrundgang\/wp-json\/wp\/v2\/pages\/288\/revisions\/334"}],"wp:attachment":[{"href":"https:\/\/medienverein.org\/stadtrundgang\/wp-json\/wp\/v2\/media?parent=288"}],"curies":[{"name":"wp","href":"https:\/\/api.w.org\/{rel}","templated":true}]}}

<figure class="wp-block-audio aligncenter"><audio controls src="https://medienverein.org/stadtrundgang/wp-content/uploads/2021/07/Familie-Meyer.m4a"></audio></figure>



<p class="has-text-align-center">Sigmund Meyer wurde 1865 in Haltern geboren. Er heiratete Rosalie Hertz, die 1874 geboren wurde und lebte mit ihr an der Recklinghäuser Straße 33.</p>



<p class="has-text-align-center">Am 10.01.1938 verstarb Sigmund eines natürlichen Todes. Seine Bestattung ist nachweislich die letzte des jüdischen Friedhof Halterns.</p>



<p class="has-text-align-center">Kurz nach Sigmunds Bestattung zeigten sich die Auswirkungen des Nationalsozialismus am Friedhof: Am 09. und 10. November wurde die Ruhestätte stark geschändet. Eine Horde an Nationalsozialisten zerschlug die Grabsteine, machte die Inschriften unleserlich und sorgte für eine Entehrung der Juden.</p>



<p class="has-text-align-center">Rosalie, Sigmunds Frau, erbte durch den Tod ihres Mannes das Haus an der Recklinghäuser Straße 33. Das Erbe wurde ihr jedoch streitig gemacht, weshalb sie am 30.09.1938 nach Coesfeld zog. Es fand eine Enteignung des Hauses statt, die letztendlich zum Verkauf führte.</p>



<p class="has-text-align-center">1940 beauftragte der Bürgermeister Halterns Rosalie dazu, geflohene Juden anzuschreiben um sie von einer Umbettung zu überzeugen. Rosalie unternahm einen Fluchtversuch aus Haltern, wurde allerdings nach kurzer Zeit festgenommen. Vor ihrer Deportation wurde sie nochmal zum Bürgermeister Halterns zitiert, um ihm die Adressen jüdischer Mitbürger mitzuteilen.</p>



<p class="has-text-align-center">Schließlich wurde Rosalie Meyer von Coesfeld nach Lüdinghausen deportiert und von dort verschleppt. Ihre letzte Station war das KZ Auschwitz, in welchem sie ermordet wurde.</p>



<p></p>



<p>Quellen:</p>



<ul class="wp-block-list"><li>Der Text (auf dem die Infos basieren) wurde von Friederike Himmelmann, Linda Santowski und Dorit Bonk im Grundkurs Geschichte der Jahrgangsstufe 12 des Joseph-König-Gymnasium Haltern am See im Schuljahr 2014/15 verfasst.</li><li><a href="https://erlebe-haltern.de/juedischer-friedhof/">https://erlebe-haltern.de/juedischer-friedhof/</a></li><li>“Erinnern &amp; Gedenken gegen Vergessen &amp; Verdrängen” &#8211; von Dieter Stüber (zweite Auflage, Haltern 2017)</li><li>“Die Geschichte der Juden in Haltern” &#8211; ein Projekt der Klassen 12 der Höheren Handelsschulen an der Hans-Böckler-Kollegschule Haltern in Zusammenarbeit mit der Stadt Haltern</li></ul>

<p>Sigmund Meyer wurde 1865 in Haltern geboren. Er heiratete Rosalie Hertz, die 1874 geboren wurde und lebte mit ihr an der Recklinghäuser Straße 33. Am 10.01.1938 verstarb Sigmund eines natürlichen Todes. Seine Bestattung ist nachweislich die letzte des jüdischen Friedhof Halterns. Kurz nach Sigmunds Bestattung zeigten sich die Auswirkungen des Nationalsozialismus am Friedhof: Am 09. &hellip; <a href="https://medienverein.org/stadtrundgang/familie-meyer/" class="more-link"><span class="screen-reader-text">21. Familie Meyer</span> weiterlesen</a></p>
